. Let a(w) be the third derivative of -w**6/120 - w**5/15 + 5*w**4/24 + w**3 + 6*w**2. Let z be a(-5). Suppose -18 = -3*j - z. Give s(j).
-12
Let a(h) be the second derivative of 32*h - 1/2*h**2 + 0 + 13/6*h**3. Determine a(1).
12
Let i(c) = c - 9. Let g = 112 - 138. Let j be 52/14 - g/91. What is i(j)?
-5
Let h be 35/8 + (-84)/224. Let l(c) = 2*c + h*c - 7*c**2 + 8*c**2. Determine l(-5).
-5
Let g(n) = -n**3 + 16*n**2 - 21*n + 82. Let m be (5/((-230)/92))/((-4)/30 - 0). Determine g(m).
-8
Let f(h) = h**3 + h**2 + h. Let v(u) = -u + 14. Let k be v(12). Let a be 10/k*(48/10)/(-4). Let l = 5 + a. Calculate f(l).
-1
Let p(v) = -v**2 + 4*v + 5. Let j be 2/(1*1/(-9 + 4)). Let a be (9/(-5))/(3/j). Calculate p(a).
-7
Let l(k) be the third derivative of k**4/12 - 7*k**3/2 - k**2. Suppose 5*a + 30 - 5 = 4*f, -5*a = f - 25. Calculate l(f).
-1
Let p(v) = -v**3 + v**2 + 5*v. Suppose -28*a - 22*a - 32 = 68. Give p(a).
2
Suppose -13 = -5*h - 3. Let j(l) = -h - 4*l**2 - 2*l - 10 + 6 + 7 - l**3. Suppose 0*t - t = 2. Determine j(t).
-3
Let q(t) = -t**3 - 8*t**2 - 8. Let u(p) be the third derivative of -p**6/120 + 7*p**5/12 + 37*p**4/24 - 22*p**3/3 - 13*p**2 - 3*p. Let k be u(36). What is q(k)?
-8
Let f(z) = 18*z - 35. Suppose -d = 2*m + 478 - 479, 0 = m + d + 3. What is f(m)?
37
Let j(s) = -28 - 35*s + 123*s - 29*s - 26*s - 32*s. Suppose -6*l = -8*l. What is j(l)?
-28
Let p(z) = -57*z**3. Let q be 0 - 0 - (-1 - -2). Let t be p(q). Let b = t + -55. Let d(n) = 2*n**3 - 3*n**2 + 2. Determine d(b).
6
Let t(p) = -16*p**2 - p - 6. Let g(x) = 59*x**2 + 5*x + 26. Let f(i) = 3*g(i) + 11*t(i). Determine f(-6).
24
Let q(d) = -9*d**2 + 415 - 13*d**3 + 2*d + 14*d**3 - 396. Calculate q(9).
37
Let f(a) be the second derivative of -a**5/60 - a**4/4 + a**3/6 + 51*a**2 + a + 23. Let k(b) be the first derivative of f(b). What is k(-6)?
1
Let c(f) = 22 + 12*f - 26 + 7 + 22. Give c(-2).
1
Let y = -4131 - -4143. Let q(n) = -n + 15. Calculate q(y).
3
Suppose 5*t - 3*p - 382 = 0, 81 = -12*t + 13*t + 4*p. Let o(b) = -127*b**2 + 63*b**2 + t*b**2. Calculate o(1).
13
Let j be (-1)/(-4) - 150/120. Let x(m) = -m + 2. Let k(i) = -3*i + 25. Let g(d) = j*k(d) + 5*x(d). Determine g(-5).
-5
Suppose -5*g + 3*g = 4*f - 4942, 5*f = 2*g + 6155. Let d(u) = -1236*u + f*u - 2 - 7. Let l(b) = 3*b + 9. Let n(w) = 2*d(w) + 3*l(w). Calculate n(-6).
-9
Let d(p) = -2*p + 660 - 683 + 7*p - 3*p. Give d(6).
-11
Let o(y) = 37*y + 10. Let r = -289 - -286. Let c(a) = 14*a + 3. Let t(x) = r*o(x) + 8*c(x). Give t(2).
-4
Let o(d) be the first derivative of 5*d**3/3 + d**2/2 - d - 2. Let k be (-2)/(-3) + 296/(-12). Let l be (k/(-16))/(9/6). What is o(l)?
5
Let f(w) = w**3 - 7*w**2 - w + 3. Let i(b) = -1. Let x(y) = f(y) + 3*i(y). Let q be (601 + -643)/(-1 + -5). Determine x(q).
-7
Let j(t) = 19*t**2 + 1. Let x(g) = -39*g**2 + 4*g - 10. Let y(n) = -2*j(n) - x(n). Let u be 0 + -1 - (-4 - 0). Give y(u).
5
Let j(g) be the first derivative of -1/2*g**2 + 1 - 4*g - 1/4*g**4 - 2*g**3. Let m be (1*2/(-8))/((-4995)/(-119880)). Determine j(m).
2
Let c(r) be the second derivative of -r**3/6 - 7*r**2/2 - 3*r + 3275. Suppose 0*l - 9 = l. Determine c(l).
2
Let y be -8 + (-18)/(-2)*1. Let x(p) = -3*p - 9 - p - y + p + 5. Determine x(-5).
10
Let c(x) = -x**2 - 8*x - 6. Suppose 13 = -3*i + 31. Suppose -65 + 29 = i*t. Calculate c(t).
6
Let r(u) = 26*u - 21*u**2 + 85 - 10966*u**3 + 21938*u**3 - 10973*u**3. What is r(-22)?
-3
Let s(g) = -6*g + 174. Let q be s(28). Let h(f) be the third derivative of -f**6/120 + f**5/12 + f**4/4 - f**3/2 - 104*f**2. Give h(q).
-3
Let l(n) = 88*n**2 + n + 37. Let c(y) = 30*y**2 + 13. Let p(j) = 17*c(j) - 6*l(j). What is p(-1)?
-13
Let d(i) = -3*i - 1. Let t = -123 + 126. Suppose 0 = 5*n - t*x - 35, -4*x = x. Give d(n).
-22
Suppose -25*y = 2*y - 513. Suppose 21 + y = -5*q. Let c(n) = -n**2 - 9*n - 5. What is c(q)?
3
Let h(i) = 2*i - 10. Let w(d) = d**2 - 3*d - 7. Let j be w(6). Suppose j*l = -41 - 36. What is h(l)?
-24
Let y be (-100)/75*((-60)/8 + -6). Let d(f) = 2*f**2 - 36*f + 5. What is d(y)?
5
Let j(l) = 27*l - 1026 + 1037 + 2*l**2 - 2*l**2 + 3*l**2. Give j(-9).
11
Suppose w = -2*r - 4, 2 = -8*w + 6*w - 5*r. Let y(a) = a**3 + 15*a**2 - 18*a - 30. What is y(w)?
2
Let h be 1076/6 + 44/66. Let q(n) = 179 + 2*n**2 + n + n - h. Calculate q(-3).
11
Let v(k) = 3*k**3 + 27*k**2 - 13. Let t = 37617 + -37626. Calculate v(t).
-13
Let a(z) = 2 + 2*z**2 - 4 + 2*z**3 - z**3. Let o be (28 - 22) + (1 - 5). Let y(l) = l**3 - 2*l**2 - 3*l + 3. Let p be y(o). Give a(p).
-11
Let b(s) = -s - 33. Suppose v = -i - 37, 2*i + 163 = -13*v + 111. Give b(i).
6
Let u(t) = t**3 + t**2 - t - 1. Let l be u(0). Let z be l/4 - 104/(-32). Let x(n) = -2*n**2 + n**z + 0*n**3 + 8*n**2 + 0*n**3 - 4. Give x(-6).
-4
Suppose 2*n = -v - 4*v + 24, -3*n + 4*v = 10. Suppose -481 + 493 = -n*x. Let g(k) = -k**2 - k - 2. Calculate g(x).
-32
Suppose 3*q - 10*v = -6*v + 227, 3*v = -q + 54. Let y(a) = -142*a + 72*a - 5 + q*a. Give y(-4).
-1
Let c be (15 + -18)*(-76)/12. Let i(d) = 5*d**2 - 23*d + 4 + c*d - 4*d**2. Give i(2).
0
Let n(m) be the third derivative of m**6/120 - m**5/12 - 3*m**4/8 + 11*m**3/6 - 2*m**2 - 287*m. What is n(6)?
-7
Let u(x) = 42*x - 718. Let b = 17899 + -17882. What is u(b)?
-4
Suppose 180 + 84 = 12*n. Suppose 11 = f - 3*u - 0*u, 5*f = 4*u + n. Let l(j) = -j + 15 - j**f - 28 + 9 + 6. Determine l(-3).
-4
Let q(l) = l**2 - 10*l + 7. Suppose 15*u + 5 - 110 = 0. Let j be q(u). Let y(k) = k**3 + 14*k**2. Give y(j).
0
Let n(i) = -i - 7. Let h = -510 + 515. Let y be (h - (-240)/(-42))*-7. Calculate n(y).
-12
Let b(u) = 11*u + 11. Let i be b(7). Let v be 6/15 - i/(-55). Let n(c) = 6*c + 3*c**v + c**2 - 6*c**2. What is n(4)?
-8
Let a(l) = 0*l**2 - 25912 + 0*l**2 + l**2 - 11*l + 25608. Determine a(-13).
8
Let b(u) = -8*u - 115. Suppose 0 = 5*p - 5*v + 60, 20 = -2*p + 5*v - v. Let c be b(p). Let i(l) be the first derivative of l**2/2 + 3*l - 1. Determine i(c).
0
Let v(o) = 2 + 47*o + 5 - 49*o. Let p be (-2088)/(-16) - (-3)/(-12)*6. Let n = p + -123. Determine v(n).
-5
Let g(q) = 4 - 4 - 756*q + 754*q - 8. Let l(a) = -a**3 - 6*a**2 - 5*a - 6. Let p be l(-5). Determine g(p).
4
Let w(l) = -14*l**2 - 10*l**3 + 8 + 6*l**3 + 6*l**3 + 17*l. Let p(y) = y**3 - 7*y**2 + 9*y + 4. Let x(s) = -5*p(s) + 3*w(s). Determine x(6).
4
Let h(z) = -19*z**3 - 12*z**2 - 4*z + 1. Let o(g) = -17*g**3 - 15*g**2 - 5*g + 1. Let s(i) = -4*h(i) + 3*o(i). Calculate s(-1).
-24
Let d = -27209 - -27212. Let r(m) be the first derivative of -8 + 7/2*m**2 + 0*m - 1/3*m**d. Calculate r(7).
0
Suppose -110*a - 208 + 153 = -1375. Let r(b) = -b**2 + 5*b + 10. Determine r(a).
-74
Let r(x) = -21*x - 14. Let b be r(-17). Let w(q) = 24*q + 15 - 23*q - 342*q**3 + 17*q**2 + b*q**3. Calculate w(-17).
-2
Let n be 1/(-1)*(-2 - -1). Let y be 224/80 - n/(-5). Let c(w) = -8*w + 10*w - 7*w**3 + 8*w**y + 4 - 5*w**2. Determine c(3).
-8
Let g(u) = -u**3 + 2*u**2 + 7*u - 3. Let t(d) = 2*d**3 - 3*d**2 - 12*d + 6. Let m(q) = -5*g(q) - 3*t(q). Let k(r) = -r - 10. Let i be k(-8). Calculate m(i).
-1
Let d(n) be the third derivative of n**4/6 + 23*n**3/6 - 21*n**2 - 33*n + 2. Give d(10).
63
Let p(u) = 248*u**2 + 24*u + 8. Let w(l) = 99*l**2 + 10*l + 4. Let d(g) = 2*p(g) - 5*w(g). Let y be ((-2)/5)/((-2)/10). Let q = 5 - y. What is d(q)?
-1
Let p(b) = -b. Let i(g) = -g + 1. Let v(d) = 5*i(d) - 6*p(d). Suppose -74*n + 79*n + 5*x + 55 = 0, n = -7*x - 41. Give v(n).
-1
Let u(b) = -4*b**3 - 7*b**2 - 8*b - 10. Let n(p) = -11*p**3 - 21*p**2 - 24*p - 29. Let m(o) = -3*n(o) + 8*u(o). Suppose 24*v + 210 = 66. Calculate m(v).
-5
Suppose -2*w + 0*w - 15 = -3*g, 3*w + 18 = 3*g. Suppose -19 = -3*y - f, g*f - 9 = -y + 8. Let i(x) = -x**3 + 6*x**2 - 5*x. Determine i(y).
0
Let q(p) = 3*p + 1. Suppose -4*t - 7 = -u + 6, -3*t = -3*u + 21. Suppose 0 = -u*z + 3*z - 30. Let x be z/(-10) - 4/8. What is q(x)?
4
Let m(l) = 6*l**2 + 11*l + 13. Let u be 9*3*2/(-18). Let r be m(u). Let o = 40 - r. Let k(n) = -n**3 + 7*n**2 - 7*n - 3. What is k(o)?
-9
Let y(i) = -126*i**3 + 9*i**2 - 2 + 63*i**3 + 62*i**3. Let x be y(2). Let c be 8 - ((-287)/(-91) - 4/x). Let q(v) = 2*v - 2. What is q(c)?
8
Let g(o) be the first derivative of -o**4/4 + 10*o**3/3 + 10*o**2 + 2*o + 95. What is g(12)?
-46
Let d(n) = -9*n**2 + 1. Let y be 2/(-12) - ((